 Determine f(-8).
2
Suppose 2*r - 3*u + 19 = 0, -r - 8 = -0*u - u. Let a(v) be the second derivative of 1/20*v**5 - v**2 + 0 + 1/3*v**4 - 5/6*v**3 + 6*v. Give a(r).
-2
Suppose b - 3*y = -9, 4*b = -y - 19 - 17. Let a(f) = -3*f - 21. Let i be a(b). Suppose c = -5*k + i*c, 2*c - 6 = 0. Let v(j) = j**2 - 4*j + 3. Calculate v(k).
0
Let x(a) = 0*a + 6548 - 6539 - 3*a. Give x(10).
-21
Let u = 27 - 23. Let a be u/8 - 19/(-2). Let s(t) = -5*t + 0*t + a*t - 4 - 2*t**2. Determine s(3).
-7
Let a(d) = 10*d + 8. Let c(f) = 11*f - 1. Let y(i) = -4*a(i) + 4*c(i). Determine y(8).
-4
Let t(q) = -16*q - 1 - 1 + 1 + 13*q. Let i = 37 - 36. Let n be 6/(-9)*-3*i. Calculate t(n).
-7
Suppose -8*w + 6*w + 28 = 0. Suppose 0 = 5*k - w - 1. Let n(b) = -3*b**2 - 3*b - 4. Let l(h) = h**2 + h. Let u(c) = -4*l(c) - n(c). Calculate u(k).
-8
Let l(o) be the first derivative of -o**2/2 + o + 4. Let u(k) = -2*k + 30. Let a be u(12). Give l(a).
-5
Let f(n) = 11*n**3 + 2*n**2 - 2*n - 11. Let h(u) = 4*u**3 + u**2 - u - 4. Let p be (-15)/20*2*2. Let s(k) = p*f(k) + 8*h(k). Determine s(1).
0
Let y(k) = -6*k - 1. Let r(j) = -j**3 + 6*j**2 - 4*j. Let a be r(4). Let v = a - 13. Suppose 25 = 5*z, 3*w - 3*z + 21 - v = 0. Determine y(w).
5
Let k(d) = -2*d**3 + 7*d**2 - 2*d + 1. Let p(x) = 5*x**3 - 18*x**2 + 3*x - 1. Let v(w) = 7*k(w) + 3*p(w). What is v(6)?
10
Let c(v) = v**2 - 20*v + 26. Let m(r) = -4*r - 29. Let x be m(-12). What is c(x)?
7
Let u be (-20)/(-3) + 39/117. Let m(q) = -q**3 + 7*q**2 + 3*q - 8. Determine m(u).
13
Let z(i) = i**3 + 6*i**2 + 3*i + 4. Let l be (-4)/(4/(-18)*-6). Give z(l).
22
Let y(q) = -q - 17. Let o = -20 + 22. Let x = o + -2. Calculate y(x).
-17
Let o(h) = h**2 - 3*h + 1. Let q = 0 + 16. Let m be (-11)/(-2) + (-8)/q. Suppose 23 = n - 2*r - 2*r, m*r = -3*n - 16. Determine o(n).
1
Let z(x) be the third derivative of -x**6/120 - x**5/4 + 7*x**3/2 + 725*x**2. What is z(-15)?
21
Let w be (-2 + -9)*(14 - 15). Let t(p) = p**3 - 10*p**2 - 11*p - 6. Calculate t(w).
-6
Let u(n) = 17*n**3 - 18*n**2 + 9*n - 7. Let a(t) = 12*t**3 - 12*t**2 + 6*t - 5. Let m(d) = -7*a(d) + 5*u(d). Give m(5).
-10
Let g(q) be the first derivative of q**2/2 + 7*q + 91. Give g(-3).
4
Let y = -16 - -19. Suppose 5*k - 22 = -0*k - 3*g, 0 = -y*k + 3*g - 6. Let r(h) = -6 - 3 + h**2 + 2 + k + h. Give r(-4).
7
Let h(k) = -k**2 + 4*k - 2. Let g = -45 + 48. Calculate h(g).
1
Suppose 0 = 19*q + 8*q - 108. Let n(w) = -w**3 + 3*w**2 + 6*w - 3. Calculate n(q).
5
Suppose 6*i - 945 + 1005 = 0. Let a(u) = u**3 + 10*u**2 + u - 8. What is a(i)?
-18
Let d(c) be the second derivative of c**3/6 + c**2 - 2*c + 993. Let m(o) = -o - 5. Let v be m(-5). Determine d(v).
2
Let m(s) = -s**2 + 23*s + 85. Let g be m(-3). Let h(i) = i**2 - 6*i - 11. Calculate h(g).
-4
Suppose -4*o + 1 = -11. Suppose -4*g - m + 14 = -o, g - 17 = 4*m. Let d(c) = -3 - g + 9 + 0 - c. Give d(4).
-3
Let a(r) = -2*r - 14. Let b(m) = -m - 9. Let q(u) = u**2 - 7*u - 10. Let v be q(9). Let d(n) = v*b(n) - 5*a(n). Determine d(5).
8
Let a be (-1)/(-2 + 1 - -2). Let o = a - -3. Let c(g) = g - 4*g - 3*g**2 + g**3 - 7 + o. What is c(4)?
-1
Suppose -25*v + 21*v = -240. Suppose -54 = k - v. Let h(p) = p**3 - 5*p**2 - 6*p + 6. Calculate h(k).
6
Let k(q) = -q + 3. Suppose -5 = -3*i + 10. Suppose -5*p + 10 = -j - 11, -5*j = i*p - 45. Calculate k(j).
-1
Let j(d) = -7*d - 2. Let o(c) be the first derivative of 2*c**2 - 14*c + 27. Let w be o(4). What is j(w)?
-16
Let n(l) = l**2 + 4*l - 3. Let c be n(-3). Let o(j) = j**3 - 7*j**2 - 5*j + 5. Let z(v) = -v**3 - v - 1. Let p(u) = -o(u) - 2*z(u). Determine p(c).
-9
Let p(y) be the first derivative of -y**5/60 - y**4/12 - 8*y**2 + 4. Let j(l) be the second derivative of p(l). Determine j(-3).
-3
Let n(b) = b**2 - b + 8. Suppose 0 = -5*j - 0*j. Calculate n(j).
8
Suppose -4*o + 88 - 108 = 0. Let h(y) = y + 2. Give h(o).
-3
Let k(z) = 8 + 2*z**2 + 5 - 18 - z + 5 + 1. Calculate k(-2).
11
Let u(o) be the second derivative of o**3/3 + o**2 - 4*o. Suppose -5*f + 0*f = -10. Suppose -f*s + 11 = -2*l - s, -3*s + 21 = -3*l. Give u(l).
-6
Let s(p) = p - 1. Let r(a) = -8*a + 15. Let j(c) = r(c) + 6*s(c). Let g be j(6). Let z(y) be the first derivative of y**2/2 + 3*y + 11. Calculate z(g).
0
Suppose 4*v = 2*d - 16, 2*d - 5*v - 23 = -2*d. Let a(n) = -3 - 1 - 1 - d + n. What is a(0)?
-7
Suppose 167*k + 8 = 169*k. Let o(d) = -18*d**2 + d**3 - k + 13*d**2 + 0*d**3. What is o(5)?
-4
Let t(p) be the third derivative of 5*p**4/6 + 243*p**2. Determine t(-2).
-40
Let f(k) = 4*k - 5. Let p be 1/(65/20 + -3). Give f(p).
11
Suppose -5*z = -s + 21, -s - 3*z = -5*s + 101. Let y(u) = -s + 13 + 2*u + 16. Determine y(-4).
-5
Let z(y) = y**3 - 7*y**2 - 6. Let o = -56 + 58. Suppose 5*u - 27 = -o*c, 3*u + 3*c - 9 = -0*u. Determine z(u).
-6
Let j(u) = -u**2 - u - 9. Suppose -4*y = -5*s + 20, -84*y + 20 = -83*y + 5*s. What is j(y)?
-9
Suppose p + 19 = 4*p - 5*x, 5*x + 16 = 2*p. Suppose -2*w - 14 = -s + p*w, 5*s - 22 = w. Let h(n) = n + 1. Calculate h(s).
5
Let c = 184 + -190. Let w(b) = -b**2 - 3*b + 3. Determine w(c).
-15
Let x(m) = 2*m**3 + 10*m**2 - 2*m + 1. Let f(k) = k**3 + 7*k**2 - 2*k + 1. Let t(u) = 3*f(u) - 2*x(u). Give t(1).
-1
Let i be (0 - (-10)/1)/2. Let n(f) = -62 + f - 54 + 119 - 3*f. What is n(i)?
-7
Let m(o) = -32*o + 77. Let i(q) = 11*q - 29. Let s(x) = -8*i(x) - 3*m(x). What is s(-1)?
-7
Let g(l) = l + 1. Let u be g(-3). Let c be (-4)/(0 - u) + 3. Let f(q) be the first derivative of -6*q**2 + q + 19. Calculate f(c).
-11
Let u(k) = k - 4. Let f be 0 + 10/((-4)/(-2)). Let c be u(f). Let s(h) = 17*h**2 - 16*h**2 - 11*h**2 + 1 + 11*h**2. Give s(c).
2
Let q(t) be the third derivative of -t**5/60 - t**4/3 - 5*t**3/6 - 5*t**2. Let z be (48/(-9) + 2)/(2/3). Determine q(z).
10
Suppose 2*o = 6 - 0. Let r(t) = -7 + 7*t**2 - t**o - 6*t - t**2 + 3. Let d be (-25 - -15)*((-6)/(-4))/(-3). Give r(d).
-9
Suppose -28*d = -37*d - 108. Let t(a) = a + 5. What is t(d)?
-7
Let a = -5 - -7. Suppose 7*o - 5*o = 4. Let s(z) = -z**o - 25 + 25. Calculate s(a).
-4
Let c be 2/3 + 2 + (-12)/18. Let z(l) = l + 4 + 12 - 9 + 3*l - l**c. Give z(6).
-5
Suppose -7*v + 3*v + 5*u - 68 = 0, u = -5*v - 85. Let l(z) = -2*z - 35. Determine l(v).
-1
Let m(j) be the first derivative of j**4/4 - 5*j**3/3 + j + 350. Calculate m(1).
-3
Let i(p) be the third derivative of p**5/60 - p**4/24 + p**3/3 + 31*p**2. Let h be 82/8 + (-2)/8. Suppose 0*b - 5*b + h = 0. Calculate i(b).
4
Let f(r) = r**2 + 4*r + 5. Let n = 144 - 148. Give f(n).
5
Let t(r) be the first derivative of -r**2 + 6*r + 2. Let h be ((-2)/4)/(7 + 850/(-120)). What is t(h)?
-6
Let g(b) = -b**3 - 4*b**2 + 4*b - 1. Let m be g(-5). Let p(h) = -h + m*h**3 + 5 - 5 - 5*h**3 - 2 + h**2. Determine p(-2).
12
Let z = 1 + 3. Let n(y) be the second derivative of -12*y - 3/2*y**2 + 1/6*y**3 + 0. Give n(z).
1
Let v(r) = r**3 - 5*r**2 + r - 2. Let x(g) = -g**2 + g - 1. Let u(y) = -v(y) + 2*x(y). Let c(l) = l**3 + 12*l**2 - 15*l + 185. Let k be c(-14). Calculate u(k).
3
Let y(o) = o**2 + 10*o + 10. Suppose 5*i + 6 = 2*p, -4*i - 4 - 33 = 3*p. Determine y(p).
-11
Let k = -5 - -11. Let h = 139 + -100. Let x(f) = -42 + 131 + 4*f - f**2 - h - 45. Determine x(k).
-7
Let x(u) be the third derivative of -7*u**5/60 + u**4/24 - u**3/6 + 2*u**2 - 76. Give x(1).
-7
Let z(r) = r - 1. Let s(l) = l**2 + 6*l + 3. Let v(k) = -s(k) + 6*z(k). Let y(d) = -3*d. Let q be y(0). Determine v(q).
-9
Let r(d) = 4*d**3 - 6*d**2 - 7*d + 3. Let w(x) = -7*x**3 + 11*x**2 + 13*x - 5. Let f(v) = -5*r(v) - 3*w(v). Give f(3).
-12
Let u(a) = -92*a - 2. Let t(k) = 147*k + 3. Let o(d) = -5*t(d) - 8*u(d). Suppose 4*i = 2*x - 18, -2*x = -9*i + 4*i - 20. Determine o(x).
6
Let y(b) = 7*b**3 + 5*b**2 + 20*b + 8. Let t(x) = -12*x**3 - 9*x**2 - 36*x - 16. Let v(o) = -4*t(o) - 7*y(o). What is v(0)?
8
Let q(u) = -2*u - 7. Suppose -3*i + i = 64. Let b = i + 26. Determine q(b).
5
Let p(n) = n - 2. Suppose -6*a - 40 = 2*a. Calculate p(a).
-7
Let g(c) = -27 + c**2 + 45 - 9*c - 15. Let q(m) = -m**2 + 5*m + 3. Let l be q(3). Let j be g(l). Let v(i) = -i**2 - i + 3. Give v(j).
-9
Suppose 1 + 1 = k. Let r(v) = v**2 + 1 + 0*v + k*v + 2 + v. Suppose 20 = -4*h + 8. What is r(h)?
3
Let b be 36/30 + (-8)/(-10). Let s(h) = -3 - 8 + 10*h + 4 - h**b - 3. Determine s(9).
-1
Let k(v) = -v**2 + 3*v -